{"id":168,"date":"2023-02-16T12:08:59","date_gmt":"2023-02-16T11:08:59","guid":{"rendered":"https:\/\/www.emago.si\/?page_id=168"},"modified":"2023-04-19T17:17:54","modified_gmt":"2023-04-19T15:17:54","slug":"pohistvo-za-vrtce","status":"publish","type":"page","link":"https:\/\/www.emago.si\/index.php\/aurednik\/pohistvo-za-vrtce\/","title":{"rendered":"Pohi\u0161tvo za vrtce"},"content":{"rendered":"\n\n\t<blockquote>\n<p>S pohi\u0161tvenim programom nem\u0161kega proizvajalca vam nudimo kompletno opremo igralnic, garderob, otro\u0161kih kuhinj, kakor tudi pisarni\u0161kih prostorov.<\/p>\n<\/blockquote>\n<p>&nbsp;<\/p>\n<p><strong>Na voljo imamo ve\u010d pohi\u0161tvenih linij<\/strong><\/p>\n<ul>\n<li>premodra linija Standard- v celoti oplemenitena z bukovim furnirjem<\/li>\n<li>prerde\u010da linija KIRA- z melaminsko folijo oplemeniten iveral &#8211; zelo odporen bukov dekor<\/li>\n<li>preoran\u017ena linija BEA- z melaminsko folijo oplemeniten iveral &#8211; zelo odporen brezov dekor<\/li>\n<li>premobi LINE iz masivnega svetlega brezovega lesa<\/li>\n<li>premizne plo\u0161\u010de: na voljo masivni les in odporen Ultrapas z bukovimi nalimki<\/li>\n<li>preergonomsko oblikovani leseni stoli<\/li>\n<li>preoblazinjeno pohi\u0161tvo s snemljivimi in pralnimi prevlekami, pena brez vsebnosti FCKW<\/li>\n<\/ul>\n<p>Pohi\u0161tvo je<strong> TUEV <\/strong>pregledano in se pona\u0161a z<strong> varnostno plaketo GS.<\/strong><\/p>\n<p><strong>Va\u0161e prednosti<\/strong><\/p>\n<ul>\n<li>pohi\u0161tvo ne vsebuje: za\u0161\u010ditnih sredstev za les, strupenih te\u017ekih kovin, formaldehida, falatov, meh\u010dalcev<br \/>\nmetilpirolidona, CMR- snovi, kat. 1 + 2, organskih halogenskih spojin<\/li>\n<li>lak odporen na slino, brez vsebnosti formaldehida in te\u017ekih kovin, z visoko trdnostjo<\/li>\n<li>ustreza standardu EN 71-3 ( varnost igra\u010d )<\/li>\n<li>ustreza standardu DIN 53160 del 1 + 2 ( odpornost na slino, znoj in kreme )<\/li>\n<li>ustreza zahtevam odreditvi za lake Chem VOCFarbV z dne 23.12.2004<\/li>\n<li><strong>5 letna garancija<\/strong><\/li>\n<\/ul>\n<p>&nbsp;<\/p>\n<p><img decoding=\"async\" loading=\"lazy\" src=\"https:\/\/www.emago.si\/wp-content\/uploads\/2023\/02\/emago-2023-008.jpg\" alt=\"\" width=\"1352\" height=\"749\" \/><\/p>\n<p><strong>Mize<\/strong><\/p>\n<p>Na voljo so vam mize razli\u010dnih velikosti, oblik in vi\u0161in, v razli\u010dnih materialnih izvedbah in barvah.<\/p>\n<p>Nudimo vam tudi mize za razli\u010dna udejstvovanja, kot npr. za modeliranje, za igro s peskom ali z vodo, zlo\u017eljive mize in mize za otroke s posebnimi potrebami.<\/p>\n<p><strong>Stoli<\/strong><\/p>\n<p>Na razpolago so vam stoli v razli\u010dnih izvedbah in velikostih, z primerno oblikovanimi sedi\u0161\u010di in naslonjali, stoli z tekstilnimi prevlekami, pisarni\u0161ki stoli, ergonomsko oblikovani stoli za otroke in odrasle, klopi.<\/p>\n<p><strong>Oprema<\/strong><\/p>\n<p>Oprema predprostorov, garderob, kuhinjsko pohi\u0161tvo, oprema za shranjevanje u\u010dnih pripomo\u010dkov in igra\u010d, oprema prostorov za po\u010ditek, oprema pisarni\u0161kih prostorov&#8230;<\/p>\n<p>Nadalje nudimo velik izbor opreme koti\u010dkov v barvnih kombinacijah po va\u0161ih \u017eeljah, razli\u010dnih tematik in materialov z mo\u017enostjo neomejene nadgradnje.<\/p>\n<p><strong>Oprema spalnih prostorov<\/strong><\/p>\n<p>Nudimo vam opremo spalnih prostorov, le\u017ealnih blazin v razli\u010dnih velikostih, omar za le\u017ealne blazine, le\u017ealne postelje.<\/p>\n<p><strong>Koti\u010dki za igro<\/strong><\/p>\n<p>V ponudbi najdete velik izbor opreme koti\u010dkov v barvnih kombinacijah po va\u0161ih \u017eeljah, razli\u010dnih tematik in materialov z mo\u017enostjo neomejene nadgradnje.<\/p>\n<p>Kombinirate lahko posamezne koti\u010dke med seboj ali pa dodajate posamezne elemente. Izdelava je mo\u017ena enobarvno- barva bukve ali pa v kombinaciji razli\u010dnih barvnih odtenkov.<\/p>\n<p><strong>Posoda in kuhinjski pripomo\u010dki<\/strong><\/p>\n<p>Jedilna posoda in pribor odli\u010dne gastronomske kvalitete, v beli ali barvni izvedbi, brez vsebnosti te\u017ekih metalov ali kadmija.<\/p>\n<p>Nudimo vam tudi servirne vozi\u010dke, jedilni pribor, ve\u010dlitrske termovke za mleko, \u010daj ali hladne sokove, ter termo posodo za \u017eivila.<\/p>\n<p><strong>Posteljnina<\/strong><\/p>\n<p>Odeje in vzglavniki z prevlekami.<\/p>\n<p><strong>Artikli za potrebe popoldanskega bivanja<\/strong><\/p>\n<p>Za poldansko bivanje so vam na voljo igre z namiznim nogometom, plezalne stene, ra\u010dunalni\u0161ki koti\u010dki, igre za izvajanje na prostem in \u0161e kaj&#8230;<\/p>\n<hr \/>\n\n","protected":false},"excerpt":{"rendered":"<p>S pohi\u0161tvenim programom nem\u0161kega proizvajalca vam nudimo kompletno opremo igralnic, garderob, otro\u0161kih kuhinj, kakor tudi pisarni\u0161kih prostorov. &nbsp; Na voljo imamo ve\u010d pohi\u0161tvenih linij premodra linija Standard- v celoti oplemenitena z bukovim furnirjem prerde\u010da linija KIRA- z melaminsko folijo oplemeniten iveral &#8211; zelo odporen bukov dekor preoran\u017ena linija BEA- z melaminsko folijo oplemeniten iveral &#8211; zelo odporen brezov dekor premobi [&hellip;]<\/p>\n","protected":false},"author":1,"featured_media":0,"parent":20,"menu_order":0,"comment_status":"closed","ping_status":"closed","template":"","meta":{"ngg_post_thumbnail":0},"_links":{"self":[{"href":"https:\/\/www.emago.si\/index.php\/wp-json\/wp\/v2\/pages\/168"}],"collection":[{"href":"https:\/\/www.emago.si\/index.php\/wp-json\/wp\/v2\/pages"}],"about":[{"href":"https:\/\/www.emago.si\/index.php\/wp-json\/wp\/v2\/types\/page"}],"author":[{"embeddable":true,"href":"https:\/\/www.emago.si\/index.php\/wp-json\/wp\/v2\/users\/1"}],"replies":[{"embeddable":true,"href":"https:\/\/www.emago.si\/index.php\/wp-json\/wp\/v2\/comments?post=168"}],"version-history":[{"count":6,"href":"https:\/\/www.emago.si\/index.php\/wp-json\/wp\/v2\/pages\/168\/revisions"}],"predecessor-version":[{"id":1620,"href":"https:\/\/www.emago.si\/index.php\/wp-json\/wp\/v2\/pages\/168\/revisions\/1620"}],"up":[{"embeddable":true,"href":"https:\/\/www.emago.si\/index.php\/wp-json\/wp\/v2\/pages\/20"}],"wp:attachment":[{"href":"https:\/\/www.emago.si\/index.php\/wp-json\/wp\/v2\/media?parent=168"}],"curies":[{"name":"wp","href":"https:\/\/api.w.org\/{rel}","templated":true}]}}