{"id":1527,"date":"2023-04-19T10:59:33","date_gmt":"2023-04-19T08:59:33","guid":{"rendered":"https:\/\/www.emago.si\/?page_id=1527"},"modified":"2023-04-19T15:57:46","modified_gmt":"2023-04-19T13:57:46","slug":"zascita-odrov","status":"publish","type":"page","link":"https:\/\/www.emago.si\/index.php\/prireditveni-odri\/zascita-odrov\/","title":{"rendered":"Za\u0161\u010dita odrov"},"content":{"rendered":"\n\n\t<h2><img decoding=\"async\" loading=\"lazy\" src=\"https:\/\/www.emago.si\/wp-content\/uploads\/2023\/04\/zascita-odrov-300x199.jpg\" alt=\"\" width=\"400\" height=\"266\" \/>Za\u0161\u010dita odrov<\/h2>\n<p><strong>Za\u0161\u010ditna letev obdaja odrske elemente<\/strong> in onemogo\u010da drsenje predmetov. Hkrati slu\u017ei kot osnova za namestitev zastirk, ograj, stopnic&#8230;<\/p>\n\n","protected":false},"excerpt":{"rendered":"<p>Za\u0161\u010dita odrov Za\u0161\u010ditna letev obdaja odrske elemente in onemogo\u010da drsenje predmetov. Hkrati slu\u017ei kot osnova za namestitev zastirk, ograj, stopnic&#8230;<\/p>\n","protected":false},"author":1,"featured_media":0,"parent":1086,"menu_order":0,"comment_status":"closed","ping_status":"closed","template":"","meta":{"ngg_post_thumbnail":0},"_links":{"self":[{"href":"https:\/\/www.emago.si\/index.php\/wp-json\/wp\/v2\/pages\/1527"}],"collection":[{"href":"https:\/\/www.emago.si\/index.php\/wp-json\/wp\/v2\/pages"}],"about":[{"href":"https:\/\/www.emago.si\/index.php\/wp-json\/wp\/v2\/types\/page"}],"author":[{"embeddable":true,"href":"https:\/\/www.emago.si\/index.php\/wp-json\/wp\/v2\/users\/1"}],"replies":[{"embeddable":true,"href":"https:\/\/www.emago.si\/index.php\/wp-json\/wp\/v2\/comments?post=1527"}],"version-history":[{"count":2,"href":"https:\/\/www.emago.si\/index.php\/wp-json\/wp\/v2\/pages\/1527\/revisions"}],"predecessor-version":[{"id":1604,"href":"https:\/\/www.emago.si\/index.php\/wp-json\/wp\/v2\/pages\/1527\/revisions\/1604"}],"up":[{"embeddable":true,"href":"https:\/\/www.emago.si\/index.php\/wp-json\/wp\/v2\/pages\/1086"}],"wp:attachment":[{"href":"https:\/\/www.emago.si\/index.php\/wp-json\/wp\/v2\/media?parent=1527"}],"curies":[{"name":"wp","href":"https:\/\/api.w.org\/{rel}","templated":true}]}}