{"id":1521,"date":"2023-04-19T10:57:48","date_gmt":"2023-04-19T08:57:48","guid":{"rendered":"https:\/\/www.emago.si\/?page_id=1521"},"modified":"2023-04-19T13:27:36","modified_gmt":"2023-04-19T11:27:36","slug":"skarjasti-oder-unistage","status":"publish","type":"page","link":"https:\/\/www.emago.si\/index.php\/prireditveni-odri\/skarjasti-oder-unistage\/","title":{"rendered":"\u0160karjasti oder Unistage"},"content":{"rendered":"\n\n\t<h2>\u0160karjasti mobilni oder Unistage<\/h2>\n<p><img decoding=\"async\" loading=\"lazy\" src=\"https:\/\/www.emago.si\/wp-content\/uploads\/2023\/04\/Unistage-1-300x194.png\" alt=\"\" width=\"400\" height=\"259\" \/><strong>Vi\u0161inska nastavitev z aluminjastim \u0161karjastim ogrodjem z sprostitvijo ro\u010dice na vi\u0161ine 20, 40, 60, 80 in 100 cm s popolnoma trdno stojo.<\/strong> <\/p>\n<p>Dodatno \u0161e ca. 20 mm niveliranja s spodnjimi vstavki z jeklenimi navoji in s podlogo iz filca.<\/p>\n<p><strong>Nosilnost odra je 750 kg\/m2- pregledan je s strani TUEV po DIN 1055 in DIN 4112, z varnostnim certifikatom.<\/strong><\/p>\n<p><strong>Velikost posameznega elementa<\/strong> je 100&#215;200 cm. Mo\u017ene so tudi individualne veli\u010dine in vi\u0161ine odra.<\/p>\n<p><strong>Tla odra so izdelana<\/strong> iz lesene lepljene plo\u0161\u010de debeline 21 cm s 5 kratno obdelavo, ki je primerljiva z masivnim lesom, vendar se pri lepljeni plo\u0161\u010di les ne \u0161iri oz. o\u017ei (ne &#8220;dela&#8221;), ker je plo\u0161\u010da sestavljena iz ve\u010dih lesenih letvic.<\/p>\n<p><strong>Povr\u0161ina je lakirana<\/strong> in s spodnje strani \u010dvrsto privita s specialnim aluminjastim ogrodjem.<\/p>\n<p><em>Pod rubriko &#8220;Vrste tal odrov&#8221; najdete tudi drugo najbolj prodajano plo\u0161\u010do in sicer vezano vodoodporno plo\u0161\u010do za zunanjo uporabo, ki je seveda protizdrsno obdelana.<\/em><\/p>\n<p><strong>Konstrukcija<\/strong> je izdelana iz specialnega zaprtega aluminjastega ogrodja brez varjene sredinske podpore.<\/p>\n<p><strong>Vogali so<\/strong> stisnjeni s stabilnimi aluminjastimi kotniki.<\/p>\n<p><img decoding=\"async\" loading=\"lazy\" src=\"https:\/\/www.emago.si\/wp-content\/uploads\/2023\/04\/unistage2.png\" alt=\"\" width=\"400\" height=\"175\" \/><\/p>\n<p><strong>Monta\u017ena letev<\/strong> obdaja oder in nudi hitro in enostavno monta\u017eo stopnic, ograje, zastirk&#8230; Zaradi tega ni na odru nobenih \u0161trle\u010dih kotnikov.<\/p>\n<p><strong>Za\u0161\u010dita robov<\/strong> slu\u017ei za talne obloge in skupno z X veznim elementom za spajanje posameznih enot odra zagotavlja povsem ravno povr\u0161ino brez spotikanja \u010detudi so tla, na katere postavimo oder neravna.<\/p>\n<p><em>Opornica se pona\u0161a z enostavno uporabo in je primerna za 40 cm vi\u0161ino odra.<\/em><\/p>\n<p>Po\u0161evna postavitev mo\u017ena v vseh vi\u0161inah.<\/p>\n<p><strong>Te\u017ea samo 51 kg. Vi\u0161ina elementa v zaprtem polo\u017eaju je 20cm.<\/strong><\/p>\n<p><img decoding=\"async\" loading=\"lazy\" src=\"https:\/\/www.emago.si\/wp-content\/uploads\/2023\/04\/UNISTAGE.jpg\" alt=\"\" width=\"893\" height=\"476\" \/><\/p>\n<hr \/>\n\n","protected":false},"excerpt":{"rendered":"<p>\u0160karjasti mobilni oder Unistage Vi\u0161inska nastavitev z aluminjastim \u0161karjastim ogrodjem z sprostitvijo ro\u010dice na vi\u0161ine 20, 40, 60, 80 in 100 cm s popolnoma trdno stojo. Dodatno \u0161e ca. 20 mm niveliranja s spodnjimi vstavki z jeklenimi navoji in s podlogo iz filca. Nosilnost odra je 750 kg\/m2- pregledan je s strani TUEV po DIN 1055 in DIN 4112, z [&hellip;]<\/p>\n","protected":false},"author":1,"featured_media":0,"parent":1086,"menu_order":0,"comment_status":"closed","ping_status":"closed","template":"","meta":{"ngg_post_thumbnail":0},"_links":{"self":[{"href":"https:\/\/www.emago.si\/index.php\/wp-json\/wp\/v2\/pages\/1521"}],"collection":[{"href":"https:\/\/www.emago.si\/index.php\/wp-json\/wp\/v2\/pages"}],"about":[{"href":"https:\/\/www.emago.si\/index.php\/wp-json\/wp\/v2\/types\/page"}],"author":[{"embeddable":true,"href":"https:\/\/www.emago.si\/index.php\/wp-json\/wp\/v2\/users\/1"}],"replies":[{"embeddable":true,"href":"https:\/\/www.emago.si\/index.php\/wp-json\/wp\/v2\/comments?post=1521"}],"version-history":[{"count":4,"href":"https:\/\/www.emago.si\/index.php\/wp-json\/wp\/v2\/pages\/1521\/revisions"}],"predecessor-version":[{"id":1580,"href":"https:\/\/www.emago.si\/index.php\/wp-json\/wp\/v2\/pages\/1521\/revisions\/1580"}],"up":[{"embeddable":true,"href":"https:\/\/www.emago.si\/index.php\/wp-json\/wp\/v2\/pages\/1086"}],"wp:attachment":[{"href":"https:\/\/www.emago.si\/index.php\/wp-json\/wp\/v2\/media?parent=1521"}],"curies":[{"name":"wp","href":"https:\/\/api.w.org\/{rel}","templated":true}]}}