{"id":1441,"date":"2023-04-19T07:51:48","date_gmt":"2023-04-19T05:51:48","guid":{"rendered":"https:\/\/www.emago.si\/?page_id=1441"},"modified":"2023-04-19T10:52:46","modified_gmt":"2023-04-19T08:52:46","slug":"pladnji-nelomljivi-kozarci-vrci","status":"publish","type":"page","link":"https:\/\/www.emago.si\/index.php\/krozniki-loncki\/pladnji-nelomljivi-kozarci-vrci\/","title":{"rendered":"Pladnji, nelomljivi kozarci, vr\u010di"},"content":{"rendered":"\n\n\t<p>Pladnji, nelomljivi kozarci, vr\u010di<\/p>\n<hr \/>\n<p>ROLTEX NV<\/p>\n<p>Roltex nv je <strong>belgijsko podjetje<\/strong>, ki ga odlikuje kvaliteta na podlagi evropske proizvodnje.<\/p>\n<p>Robustni in elegantni pladnji ali nelomljivo steklo in kro\u017eniki pove\u010dujejo pozitivne izku\u0161nje va\u0161ih strank, naj si bo to v va\u0161i restavraciji, baru, menzi, v bolni\u0161nici &#8230;<\/p>\n<p>Zato so zelo ponosni, da ponujajo <strong>izdelke najvi\u0161je kakovosti.<\/strong> <\/p>\n<p>Certifikat ISO 9001 je jasen dokaz tega. Tako so \u017ee ve\u010d let znani po njihovi kakovosti in zanesljivosti.<\/p>\n<p>To je posledica dejstva, da se proizvodnja 100% izvaja na tleh evropskega ozemlja. Na ta na\u010din lahko zagotovijo izdelke, ki vedno znova pozitivno presene\u010dajo glede kakovosti in izdelave.<\/p>\n<p>V letu 2005 so prvi\u010d sodelovali z belgijsko dru\u017ebo Smidesign. Smidesign oblikuje impresivne in inovativne izdelke po meri kupcev. Te izdelke si lahko ogledate pod logotipom Smidesign v spodnjem katalogu.<\/p>\n<p>Imajo tudi lasten grafi\u010dni oddelek, ki omogo\u010da izdelavo po va\u0161ih predstavah in z va\u0161imi logotipi v skladu s popolno prilagoditvijo na va\u0161o personalizacijo.<\/p>\n<blockquote>\n<p>Njihova edina omejitev je domi\u0161ljija!<\/p>\n<\/blockquote>\n<hr \/>\n\n","protected":false},"excerpt":{"rendered":"<p>Pladnji, nelomljivi kozarci, vr\u010di ROLTEX NV Roltex nv je belgijsko podjetje, ki ga odlikuje kvaliteta na podlagi evropske proizvodnje. Robustni in elegantni pladnji ali nelomljivo steklo in kro\u017eniki pove\u010dujejo pozitivne izku\u0161nje va\u0161ih strank, naj si bo to v va\u0161i restavraciji, baru, menzi, v bolni\u0161nici &#8230; Zato so zelo ponosni, da ponujajo izdelke najvi\u0161je kakovosti. Certifikat ISO 9001 je jasen dokaz [&hellip;]<\/p>\n","protected":false},"author":1,"featured_media":0,"parent":1082,"menu_order":0,"comment_status":"closed","ping_status":"closed","template":"","meta":{"ngg_post_thumbnail":0},"_links":{"self":[{"href":"https:\/\/www.emago.si\/index.php\/wp-json\/wp\/v2\/pages\/1441"}],"collection":[{"href":"https:\/\/www.emago.si\/index.php\/wp-json\/wp\/v2\/pages"}],"about":[{"href":"https:\/\/www.emago.si\/index.php\/wp-json\/wp\/v2\/types\/page"}],"author":[{"embeddable":true,"href":"https:\/\/www.emago.si\/index.php\/wp-json\/wp\/v2\/users\/1"}],"replies":[{"embeddable":true,"href":"https:\/\/www.emago.si\/index.php\/wp-json\/wp\/v2\/comments?post=1441"}],"version-history":[{"count":11,"href":"https:\/\/www.emago.si\/index.php\/wp-json\/wp\/v2\/pages\/1441\/revisions"}],"predecessor-version":[{"id":1511,"href":"https:\/\/www.emago.si\/index.php\/wp-json\/wp\/v2\/pages\/1441\/revisions\/1511"}],"up":[{"embeddable":true,"href":"https:\/\/www.emago.si\/index.php\/wp-json\/wp\/v2\/pages\/1082"}],"wp:attachment":[{"href":"https:\/\/www.emago.si\/index.php\/wp-json\/wp\/v2\/media?parent=1441"}],"curies":[{"name":"wp","href":"https:\/\/api.w.org\/{rel}","templated":true}]}}